
What are the prime factors of 231031916?
2, 57757979
List the prime factors of 1688564583.
3, 1031, 60659
What are the prime factors of 161539667?
31, 5210957
List the prime factors of 3661454691.
3, 135609433
What are the prime factors of 39614383?
37, 1070659
What are the prime factors of 591780295?
5, 4919, 24061
What are the prime factors of 2905349129?
2905349129
What are the prime factors of 33661668?
2, 3, 71, 39509
List the prime factors of 1283319552.
2, 3, 137, 12197
What are the prime factors of 481060190?
2, 5, 13, 284651
What are the prime factors of 125638039?
131, 271, 3539
What are the prime factors of 103492901?
103492901
What are the prime factors of 13887397?
41, 338717
What are the prime factors of 138845702?
2, 7043, 9857
What are the prime factors of 2496842307?
3, 19, 4867139
List the prime factors of 13199086.
2, 251, 26293
List the prime factors of 33079241.
13, 257, 9901
List the prime factors of 220051749.
3, 19, 3860557
List the prime factors of 24199198.
2, 19, 636821
List the prime factors of 44276283.
3, 43, 191, 599
List the prime factors of 38623558.
2, 17, 41, 103, 269
What are the prime factors of 325576122?
2, 3, 54262687
List the prime factors of 2950461.
3, 327829
What are the prime factors of 44256612?
2, 3, 487, 7573
List the prime factors of 1295902573.
7, 107, 1730177
What are the prime factors of 71385178?
2, 35692589
List the prime factors of 14799809.
17, 870577
List the prime factors of 25418256.
2, 3, 529547
List the prime factors of 702283460.
2, 5, 229, 153337
List the prime factors of 26696056.
2, 3337007
List the prime factors of 1513086453.
3, 53, 809, 1307
What are the prime factors of 464450873?
464450873
What are the prime factors of 1257490277?
1257490277
What are the prime factors of 464458778?
2, 7, 33175627
List the prime factors of 220217597.
53, 4155049
What are the prime factors of 8396464?
2, 509, 1031
What are the prime factors of 678175504?
2, 1697, 24977
List the prime factors of 240460757.
240460757
List the prime factors of 211186682.
2, 7, 17, 937, 947
What are the prime factors of 68030336?
2, 11, 19, 2543
What are the prime factors of 158946296?
2, 19868287
What are the prime factors of 72141457?
79, 913183
What are the prime factors of 77549569?
31, 2501599
List the prime factors of 3113665886.
2, 139, 11200237
What are the prime factors of 3560648588?
2, 7, 6521, 19501
List the prime factors of 18719857.
13, 1439989
List the prime factors of 209063922.
2, 3, 34843987
List the prime factors of 726144848.
2, 11, 13, 317371
What are the prime factors of 46224983?
7, 943367
List the prime factors of 171308870.
2, 5, 17130887
List the prime factors of 38403695.
5, 11, 698249
What are the prime factors of 9959995?
5, 1991999
What are the prime factors of 2434319510?
2, 5, 7, 103, 139, 347
List the prime factors of 17743622.
2, 13, 682447
What are the prime factors of 91829202?
2, 3, 23, 665429
List the prime factors of 545183371.
5903, 92357
List the prime factors of 1382233034.
2, 7, 13, 7594687
What are the prime factors of 2085653116?
2, 71, 2081, 3529
What are the prime factors of 23354390?
2, 5, 137, 17047
What are the prime factors of 375878356?
2, 7, 181, 74167
List the prime factors of 935320400.
2, 5, 7, 334043
What are the prime factors of 620013268?
2, 7, 31, 102043
What are the prime factors of 1929106379?
1929106379
List the prime factors of 637213168.
2, 39825823
What are the prime factors of 1368209406?
2, 3, 317, 719353
What are the prime factors of 4682469107?
1229, 3809983
List the prime factors of 929099623.
17, 3167, 17257
What are the prime factors of 118656247?
47, 859, 2939
What are the prime factors of 424614304?
2, 17, 431, 1811
List the prime factors of 26301345.
3, 5, 7, 250489
What are the prime factors of 481921639?
433, 1112983
What are the prime factors of 184435893?
3, 6830959
What are the prime factors of 855988005?
3, 5, 1459, 39113
What are the prime factors of 671398482?
2, 3, 6949, 16103
List the prime factors of 2633189637.
3, 13, 67517683
What are the prime factors of 799558047?
3, 1217, 8111
List the prime factors of 136948322.
2, 7, 37, 59, 4481
List the prime factors of 150808846.
2, 75404423
What are the prime factors of 141317515?
5, 17, 1662559
List the prime factors of 608341382.
2, 11, 43, 101, 6367
What are the prime factors of 31788249?
3, 17, 623299
What are the prime factors of 193721757?
3, 64573919
What are the prime factors of 42508616?
2, 83, 64019
What are the prime factors of 6031810334?
2, 11, 233, 1176709
What are the prime factors of 1182264554?
2, 591132277
What are the prime factors of 5529170797?
17, 325245341
What are the prime factors of 50582383?
1669, 30307
What are the prime factors of 26798041?
26798041
What are the prime factors of 28648708?
2, 11, 23, 28309
What are the prime factors of 14571162?
2, 3, 389, 2081
What are the prime factors of 38971521?
3, 4330169
What are the prime factors of 184773638?
2, 7, 47, 280811
What are the prime factors of 229689147?
3, 241, 269, 1181
List the prime factors of 2185334228.
2, 7, 11, 7095241
What are the prime factors of 480733571?
18169, 26459
What are the prime factors of 15903439?
15903439
List the prime factors of 12918012.
2, 3, 1076501
What are the prime factors of 8083819519?
8083819519
What are the prime factors of 6046846850?
2, 5, 11, 53, 283, 733
List the prime factors of 596382796.
2, 29, 613, 8387
What are the prime factors of 337945466?
2, 173, 976721
What are the prime factors of 2157798?
2, 3, 359633
List the prime factors of 52085878.
2, 13, 19, 105437
List the prime factors of 362883569.
47, 349, 22123
What are the prime factors of 296605769?
23, 3511, 3673
What are the prime factors of 322211204?
2, 7, 11507543
List the prime factors of 1177995422.
2, 181, 3254131
What are the prime factors of 3653560498?
2, 7, 1747, 149381
List the prime factors of 166575370.
2, 5, 13, 1281349
What are the prime factors of 95825081?
11, 397, 21943
What are the prime factors of 262832497?
37, 2243, 3167
List the prime factors of 3200627984.
2, 31, 6452879
What are the prime factors of 18266540?
2, 5, 913327
List the prime factors of 319639350.
2, 3, 5, 2130929
What are the prime factors of 3112500891?
3, 1037500297
What are the prime factors of 154744332?
2, 3, 41, 409, 769
List the prime factors of 181312618.
2, 61, 227, 6547
List the prime factors of 95198760.
2, 3, 5, 181, 487
List the prime factors of 37904922.
2, 3, 11, 89, 239
What are the prime factors of 1146084759?
3, 113, 193, 5839
List the prime factors of 7686573330.
2, 3, 5, 256219111
List the prime factors of 53161999.
11, 4832909
List the prime factors of 1736142924.
2, 3, 144678577
What are the prime factors of 6059662?
2, 7, 432833
What are the prime factors of 64108201?
64108201
What are the prime factors of 811131621?
3, 277, 976091
What are the prime factors of 56980024?
2, 113, 63031
What are the prime factors of 2430556322?
2, 5323, 228307
What are the prime factors of 370224932?
2, 7, 11, 1202029
List the prime factors of 5383995183.
3, 7, 17, 47, 101, 353
What are the prime factors of 2414014113?
3, 7, 31, 41, 149, 607
List the prime factors of 429435604.
2, 13, 8258377
What are the prime factors of 4834118?
2, 613, 3943
List the prime factors of 179172234.
2, 3, 9954013
What are the prime factors of 2136144380?
2, 5, 106807219
List the prime factors of 1909110798.
2, 3, 7, 41, 369553
List the prime factors of 159506291.
7, 17, 107, 12527
List the prime factors of 509033566.
2, 229, 1111427
What are the prime factors of 35298433?
3919, 9007
List the prime factors of 3479731810.
2, 5, 9539, 36479
List the prime factors of 1285090191.
3, 7, 11, 173, 397
List the prime factors of 2608100956.
2, 53, 127, 157, 617
What are the prime factors of 1439147992?
2, 1039, 173141
What are the prime factors of 146660678?
2, 1579, 46441
List the prime factors of 2537243196.
2, 3, 211436933
What are the prime factors of 4046345792?
2, 19, 151, 22037
List the prime factors of 4674652773.
3, 7, 31800359
What are the prime factors of 610362297?
3, 2511779
What are the prime factors of 1280006423?
281, 4555183
List the prime factors of 174711717.
3, 89, 218117
What are the prime factors of 97843819?
3389, 2